
Let z be 3/(-15) - (-8648)/40. What is the greatest common divisor of z and 8?
8
Let s = 328 - 225. Let d = 127 - s. Let j(p) = 3*p**2 + p - 4. Let t be j(4). What is the highest common divisor of d and t?
24
Let k be (-246)/(-6 + (2 - -2)). Let u = k + 69. Calculate the greatest common divisor of 24 and u.
24
Let j = 238 - -137. What is the highest common divisor of j and 150?
75
Let i(c) = 3*c**2 - c + 4. Suppose -q = -1 - 11. Let l = 15 - q. Let y be i(l). What is the highest common factor of 42 and y?
14
Let x = -79 - -80. Let s be (-35)/(x/(2/(-9)) - -4). Let p = 20 - 10. What is the highest common factor of s and p?
10
Let c be 19/57 + (-652)/(-6). Suppose -74 - c = -5*u - 2*t, 5*t = 2*u - 50. What is the highest common factor of 5 and u?
5
Let k = 0 - -22. Let b be 4/k - 19362/(-231). Calculate the greatest common factor of b and 21.
21
Let s(o) = -2*o + 13. Let f be s(4). Suppose -f*g = -3*g - 44. What is the greatest common factor of 2 and g?
2
Let s(k) = -k**3 - 17*k**2 - 22*k - 41. Let c be s(-16). What is the highest common factor of c and 11?
11
Suppose -5*q = -13*q + 576. Calculate the highest common divisor of q and 48.
24
Let o(q) = -q**3 + 10. Suppose -i - 3*i + t - 2 = 0, 2*t = -5*i + 4. Let s be o(i). Suppose 0 - s = -z. What is the highest common factor of z and 5?
5
Let d(m) = 25*m**2 - 7*m + 8. Let a be d(1). Calculate the highest common divisor of 338 and a.
26
Suppose 0 = -3*s - 4*u + 580, 3*s - 3*u - 598 = 2*u. Suppose -4*p + 162 - 40 = 2*h, -102 = -4*p + 2*h. What is the highest common divisor of p and s?
28
Let u = -7 + 11. Suppose u*g - 3*n + 7 + 2 = 0, -2*g - 2*n - 22 = 0. Let m = 16 + g. What is the highest common factor of 50 and m?
10
Let m be (-15)/4 + (-1)/4 + 60. Let c = 69 + m. Calculate the greatest common factor of c and 25.
25
Let j(s) = 14*s**3. Let v(o) = o**3 - 4*o**2 - 6*o + 6. Let p be v(5). Let b be j(p). What is the greatest common divisor of 56 and b?
14
Let c(o) = o - 6. Let a be c(10). Suppose -a*t - r = -32 + 7, -t - 4*r = -25. What is the highest common factor of t and 1?
1
Let u be (1845/6)/((-21)/(-14) - 1). What is the highest common factor of 30 and u?
15
Suppose 2293*z = 2292*z + 496. What is the greatest common factor of 31 and z?
31
Suppose 0 = 2*c + 5*m - 110, 8*c - 5*c - 5*m = 165. Calculate the highest common factor of c and 209.
11
Suppose -2*r = 3*p - 7, 7 = -2*p + 6*p + 5*r. Suppose l - p*l = f - 135, -2*l + 115 = 5*f. What is the highest common factor of l and 28?
14
Let a(b) = 35*b**2 - 2*b - 1. Let m be a(-1). Suppose 231*f - 218*f - 468 = 0. What is the highest common factor of f and m?
36
Suppose -2*m - 3*d + 7 = 0, -3*m + 13 = 3*d + d. What is the greatest common factor of m and 121?
11
Let j(z) = -4*z + 81. Let i(a) = -a**3 - 7*a**2. Let m be i(-7). Let c be j(m). What is the highest common factor of 18 and c?
9
Let j(v) = -v**3 - 21*v**2 + 14*v + 337. Let o be j(-21). Suppose 3*c - 2 = -k + 123, -5*c = -2*k - 223. What is the greatest common divisor of o and c?
43
Let z be 15*10/(-30)*-1. Suppose 0 = c + 3*c - 220. What is the highest common divisor of c and z?
5
Let u be 0 + (-6 - -4) - (1 + -3). Suppose u = 4*o - 2*h - 60, -4*h - 38 - 22 = -4*o. What is the highest common divisor of 195 and o?
15
Let f be (-2)/(-8) - 428/(-16). Suppose -1106 = -13*u + 649. Calculate the highest common divisor of f and u.
27
Suppose 0*n = -3*d + 5*n - 54, 2*n = 0. Let f = d - -33. Let h be (-98)/(-10) - (-3)/f. What is the highest common divisor of 10 and h?
10
Let i(h) = -h**3 + 2*h**2 + 13*h + 24. Let q be i(-6). Calculate the highest common factor of 26 and q.
26
Suppose 259 - 54 = 5*a. Suppose 0 = g - 5, a = 4*d - 0*d + g. Suppose 2*l - 69 = -d. Calculate the highest common divisor of l and 10.
10
Let m = -658 - -1243. Calculate the greatest common divisor of m and 26.
13
Let f = -33 + 54. Let h be (-52)/(-5) - (-6)/(-15). Let n = f - h. What is the greatest common divisor of 99 and n?
11
Let s(v) be the second derivative of v**3/6 + 21*v**2/2 - v + 18. Let o be s(21). Calculate the highest common divisor of o and 14.
14
Let b be (-6)/(-15) - 276/(-10). Suppose -2*n + 160 = 2*p + 2*p, -3*p + 110 = 4*n. What is the highest common factor of p and b?
14
Let c = -209 - -221. Calculate the highest common divisor of c and 6.
6
Let c be (-1)/(((-48)/248)/6). Calculate the highest common divisor of 155 and c.
31
Let h be ((-15)/(-3) - 2) + 1. Suppose 5 - 9 = -h*r. Let j = 10 + -2. What is the greatest common factor of r and j?
1
Let g be (-282)/(-5) + (-72)/(-120). Calculate the greatest common factor of g and 133.
19
Let d(i) = 6 + 6*i - 2*i + 3*i - 2*i + i**2. Let u be d(-6). Suppose -4*s - 4*o + 2 = -46, 0 = 4*s + 3*o - 48. Calculate the greatest common divisor of u and s.
12
Let d = -70 + 70. Let j = 10 + -6. Suppose -3*y + 0*c + 79 = -j*c, d = 5*y - c - 109. What is the greatest common factor of 21 and y?
21
Suppose -5*o - 4*v + 49 = 0, -4*o + v + 32 = 6*v. Let c be (o/2)/((-3)/(-54)). What is the greatest common factor of 78 and c?
39
Let r(i) = -2*i - 32. Let m be r(-16). Let a = m + 1. Calculate the highest common factor of 9 and a.
1
Let p = 8 - 5. Suppose 5*n = p*r + 72 + 36, 4*n - 3*r - 84 = 0. Suppose -t = 2*t - n. Calculate the highest common divisor of t and 16.
8
Suppose 2*j + 8*f = 9*f + 59, 113 = 4*j + 3*f. What is the greatest common divisor of 203 and j?
29
Let h be 204*(-9)/(-36)*9. Calculate the highest common divisor of h and 68.
17
Let t = -201 - -243. Calculate the highest common divisor of t and 18.
6
Let l = 383 + -65. What is the highest common factor of l and 6?
6
Suppose 15 + 3 = 2*f. Suppose 4*l + 83 = -5*n, 0*n + 85 = -5*n - 5*l. Let x be ((-210)/175)/(-2*(-1)/n). Calculate the greatest common factor of x and f.
9
Let r = 218 - 119. What is the highest common divisor of r and 9?
9
Suppose 0 = -4*v + 208 + 3136. Suppose 5*t - 286 + v = 5*y, 0 = -2*y - t + 226. What is the highest common divisor of 14 and y?
14
Suppose -520 = -4*n + 4*d, 4*d - 9 = 7. Suppose 88 + n = 2*r - 2*p, 2*r - 5*p = 210. Let s = -53 - -99. Calculate the greatest common factor of r and s.
23
Let m(j) = 0 - 6 + 9*j**2 + 18*j**2 - 2*j + 4. Let c be m(-1). What is the greatest common factor of c and 36?
9
Let i(g) = 2*g**2 - 4*g + 12. Let u be i(6). Let d = u - 42. Let s = 445 - 247. What is the highest common divisor of s and d?
18
Suppose -45*t + 127 = -323. Let u be 119 - (-1 + 2)/(-1). Calculate the greatest common divisor of u and t.
10
Let k be 3260/32 + (-14)/(-112). What is the highest common divisor of k and 272?
34
Let c be 6/((-36)/(-6)) - -33. What is the greatest common factor of 153 and c?
17
Suppose 71*c + 10*c = 1296. What is the highest common factor of c and 344?
8
Let i = -47 + 108. Suppose -8*k - i = 27. Let a(w) = -14*w + 26. Let u be a(k). What is the greatest common factor of 20 and u?
20
Let t be (-63)/(-14)*(-8)/(-18). Suppose -14 = -5*x - t*x. What is the highest common factor of 22 and x?
2
Let s(t) = t**2 - 6*t + 1. Let p = -9 - -13. Let g be s(p). Let n(x) = 5*x**2 + 8*x. Let h be n(g). Calculate the greatest common factor of h and 21.
21
Let x be (-42)/28*2*1. Let m(s) = 2*s**3 + 5*s**2 + 6*s + 6. Let c be m(x). Let r = 37 + c. Calculate the highest common factor of 24 and r.
8
Suppose -2*a = a. Suppose -p = -a*p - 16. Let z be ((-8)/(-6))/((-2)/(-3)). Calculate the highest common divisor of p and z.
2
Let u be 6/6 + 7 - -161. Calculate the highest common divisor of 39 and u.
13
Let o = -537 - -548. Let g = 20 - -2. Calculate the highest common divisor of o and g.
11
Suppose 24*p = -12*p + 540. Let j(c) = -c**3 + 5*c**2 - 3*c - 4. Let l be j(3). Calculate the highest common factor of p and l.
5
Suppose 0 = 5*y - o + 171, 3*y + 105 = -0*o + 3*o. Let b = -13 - y. Suppose -b = -z - 0*z. Calculate the highest common factor of z and 189.
21
Suppose 10*t - 4312 = -632. Calculate the highest common factor of 460 and t.
92
Let h = -92 + 120. Let j = -10 - -24. Calculate the greatest common factor of j and h.
14
Let f(l) = l**3 + 6*l**2 + l + 6. Suppose 3*b + 4*j = -6, -b - 2*j + 3 = j. Let h be f(b). Let a = 14 + h. What is the highest common factor of a and 14?
14
Let c = 18 - 20. Let z(w) = -6*w - 5. Let u be z(c). Suppose -u*g + 3*g - 572 = -3*d, 3*g - 195 = -d. C